ivided by 273?
56
Calculate the remainder when 426054 is divided by 3252.
42
Calculate the remainder when 327819 is divided by 1044.
3
Calculate the remainder when 89934 is divided by 131.
68
What is the remainder when 552593 is divided by 418?
415
Calculate the remainder when 11222 is divided by 22.
2
What is the remainder when 120770 is divided by 5?
0
What is the remainder when 114640 is divided by 1819?
43
Calculate the remainder when 59816 is divided by 31.
17
What is the remainder when 23128 is divided by 73?
60
What is the remainder when 60342 is divided by 1407?
1248
Calculate the remainder when 311483 is divided by 8.
3
What is the remainder when 2685 is divided by 245?
235
Calculate the remainder when 10835 is divided by 166.
45
Calculate the remainder when 24815 is divided by 11896.
1023
Calculate the remainder when 1153 is divided by 302.
247
What is the remainder when 60477 is divided by 81?
51
Calculate the remainder when 349 is divided by 70.
69
Calculate the remainder when 7377 is divided by 61.
57
What is the remainder when 103876 is divided by 263?
254
What is the remainder when 30356 is divided by 65?
1
Calculate the remainder when 983764 is divided by 1374.
1354
What is the remainder when 2165409 is divided by 62?
59
Calculate the remainder when 1619 is divided by 71.
57
Calculate the remainder when 35234 is divided by 383.
381
Calculate the remainder when 3759972 is divided by 75.
72
What is the remainder when 91017 is divided by 410?
407
What is the remainder when 2651793 is divided by 126?
123
Calculate the remainder when 23669 is divided by 7227.
1988
What is the remainder when 1956 is divided by 325?
6
What is the remainder when 2750 is divided by 1157?
436
What is the remainder when 114056 is divided by 35?
26
Calculate the remainder when 43429 is divided by 247.
204
What is the remainder when 292199 is divided by 24?
23
Calculate the remainder when 5186 is divided by 28.
6
Calculate the remainder when 274 is divided by 44.
10
Calculate the remainder when 511 is divided by 94.
41
What is the remainder when 6061 is divided by 15?
1
What is the remainder when 1080 is divided by 988?
92
What is the remainder when 740321 is divided by 23?
20
Calculate the remainder when 54326 is divided by 195.
116
What is the remainder when 317908 is divided by 10?
8
What is the remainder when 138081 is divided by 1139?
262
What is the remainder when 589761 is divided by 117950?
11
Calculate the remainder when 7054 is divided by 150.
4
Calculate the remainder when 7468 is divided by 25.
18
What is the remainder when 3315 is divided by 52?
39
What is the remainder when 30778 is divided by 15354?
70
What is the remainder when 5549 is divided by 1710?
419
What is the remainder when 16361 is divided by 1258?
7
What is the remainder when 2611 is divided by 253?
81
Calculate the remainder when 1122433 is divided by 220.
213
Calculate the remainder when 97132 is divided by 48525.
82
What is the remainder when 15345 is divided by 1918?
1
What is the remainder when 687 is divided by 7?
1
Calculate the remainder when 1492467 is divided by 11.
9
Calculate the remainder when 256522 is divided by 110.
2
Calculate the remainder when 12991 is divided by 64.
63
What is the remainder when 8407 is divided by 1680?
7
Calculate the remainder when 8532397 is divided by 10.
7
Calculate the remainder when 3687 is divided by 524.
19
What is the remainder when 3386 is divided by 20?
6
Calculate the remainder when 105725 is divided by 777.
53
Calculate the remainder when 86372 is divided by 9.
8
What is the remainder when 342240 is divided by 250?
240
Calculate the remainder when 6925 is divided by 1721.
41
Calculate the remainder when 203277 is divided by 48.
45
Calculate the remainder when 3816 is divided by 97.
33
What is the remainder when 24423 is divided by 2386?
563
Calculate the remainder when 44870 is divided by 138.
20
What is the remainder when 739586 is divided by 369786?
14
Calculate the remainder when 56009 is divided by 44.
41
Calculate the remainder when 35347 is divided by 1619.
1348
Calculate the remainder when 1296243 is divided by 49.
46
What is the remainder when 8744 is divided by 147?
71
Calculate the remainder when 76685 is divided by 36.
5
Calculate the remainder when 4521 is divided by 4394.
127
What is the remainder when 17972 is divided by 1978?
170
Calculate the remainder when 36840 is divided by 89.
83
Calculate the remainder when 208389 is divided by 104112.
165
Calculate the remainder when 303024 is divided by 17.
16
What is the remainder when 137033 is divided by 15224?
17
What is the remainder when 317171 is divided by 218?
199
What is the remainder when 4283878 is divided by 2462?
2460
Calculate the remainder when 16381 is divided by 24.
13
What is the remainder when 141361 is divided by 83?
12
What is the remainder when 1835 is divided by 1823?
12
Calculate the remainder when 4083 is divided by 292.
287
What is the remainder when 144665 is divided by 4133?
10
Calculate the remainder when 656874 is divided by 35.
29
Calculate the remainder when 1745 is divided by 438.
431
Calculate the remainder when 54014 is divided by 20.
14
What is the remainder when 366 is divided by 149?
68
Calculate the remainder when 929 is divided by 302.
23
Calculate the remainder when 134390 is divided by 23.
1
Calculate the remainder when 2119 is divided by 17.
11
What is the remainder when 3007 is divided by 502?
497
Calculate the remainder when 1819 is divided by 359.
24
What is the remainder when 443722 is divided by 47?
42
Calculate the remainder when 1981553 is divided by 1960.
1953
What is the remainder when 135664 is divided by 212?
196
What is the remainder when 90996 is divided by 45487?
22
Calculate the remainder when 3248 is divided by 59.
3
What is the remainder when 8868 is divided by 2955?
3
What is the remainder when 64854 is divided by 22?
20
Calculate the remainder when 73380 is divided by 94.
60
What is the remainder when 155738 is divided by 121?
11
Calculate the remainder when 43959 is divided by 3662.
15
Calculate the remainder when 223848 is divided by 586.
582
What is the remainder when 33782 is divided by 256?
246
Calculate the remainder when 1777994 is divided by 19.
12
What is the remainder when 10523 is divided by 556?
515
Calculate the remainder when 106559 is divided by 7.
5
What is the remainder when 335 is divided by 87?
74
Calculate the remainder when 10110 is divided by 100.
10
What is the remainder when 7278 is divided by 2411?
45
Calculate the remainder when 8577 is divided by 163.
101
What is the remainder when 106543 is divided by 16?
15
What is the remainder when 2088447 is divided by 765?
762
What is the remainder when 448 is divided by 399?
49
What is the remainder when 27462 is divided by 6861?
18
What is the remainder when 3971 is divided by 313?
215
Calculate the remainder when 714103 is divided by 8.
7
Calculate the remainder when 1569 is divided by 321.
285
Calculate the remainder when 57244 is divided by 203.
201
Calculate the remainder when 3540 is divided by 509.
486
Calculate the remainder when 118752 is divided by 43.
29
Calculate the remainder when 52561 is divided by 10.
1
Calculate the remainder when 17285 is divided by 293.
291
Calculate the remainder when 10514810 is divided by 196.
194
What is the remainder when 2506 is divided by 358?
0
Calculate the remainder when 2370 is divided by 948.
474
What is the remainder when 12085 is divided by 5?
0
What is the remainder when 56825 is divided by 64?
57
Calculate the remainder when 3539 is divided by 466.
277
What is the remainder when 3573 is divided by 424?
181
Calculate the remainder when 84296 is divided by 1561.
2
Calculate the remainder when 893 is divided by 115.
88
What is the remainder when 465 is divided by 96?
81
Calculate the remainder when 85607 is divided by 87.
86
Calculate the remainder when 90674 is divided by 117.
116
What is the remainder when 1463445 is divided by 372?
369
What is the remainder when 14047 is divided by 7018?
11
What is the remainder when 1310 is divided by 84?
50
What is the remainder when 19628 is divided by 270?
188
What is the remainder when 101411 is divided by 324?
323
What is the remainder when 92579 is d